Suppose 3*u + 12 = o, 8 = -2*o - 0*u - 2*u. Let l(w) = -5 + 2*w**3 - 3*w**3 + 0*w + o*w**3 - 10*w**2 - w. What is the units digit of l(-10)?
5
Let z(f) = -209*f - 2. What is the tens digit of z(-1)?
0
What is the tens digit of 7/(35/405) + -1?
8
Suppose 3*h + 3*w - 64 = -1, -4*w = -4*h + 100. What is the tens digit of h?
2
Let u(n) = 5 + 3*n**3 - 4*n**3 + n + n - 3*n**2 + 7*n**2. Suppose 0 = -4*i - 2*t + 20, 3*i - 18 + 0 = -3*t. What is the units digit of u(i)?
3
Let w be -2 + (0 - -1*2). Let d be (80/(-5))/(2/(-2)). Suppose -2*q - q + 31 = -5*r, w = -2*q - 4*r - d. What is the units digit of q?
2
Suppose 16 = -0*o + 2*o. Suppose -o = -g + 1. What is the units digit of g?
9
Suppose -b - 3*g = 2*b - 231, -310 = -4*b - 2*g. Suppose -5*k = -10, 5*k + b = 2*u - 0*u. What is the units digit of u?
4
Suppose -5*c + 251 = -2*g, 2*g - 257 = -5*c + 6*g. Suppose 5*f - c = -i, -2*i = -5*f + 2*i + 29. Let k = f + -7. What is the units digit of k?
2
Let c = -4 - -7. Let q(r) = r**2 + 4. What is the tens digit of q(c)?
1
What is the units digit of 6 + -4 + (-4 - -203)?
1
Let u = -26 - -12. Let d = u - -24. What is the units digit of (2 - d)*2/(-4)?
4
Let p(s) = -s**2 - 5*s - 1. Let y be p(-5). What is the tens digit of y - (-2 + -11*2)?
2
Let g(o) = o**3 + 8*o**2 - 13*o + 3. What is the hundreds digit of g(-7)?
1
Suppose 5*k + 2*c - 3 = -14, -3*k + 2*c = 13. Let s(d) = -d**3 - 2*d**2 - d + 4. What is the tens digit of s(k)?
1
Let v = 19 + -34. Let z = -2 - v. Suppose -l - 2 + z = 0. What is the units digit of l?
1
Suppose 0*x - x - 9 = 0. Let b = -2 - x. What is the units digit of b?
7
Suppose 4 - 1 = 3*p + 5*n, -3*n - 9 = 0. Let d(c) = c**2 - 6*c. Let m be d(p). Suppose 2*q - 23 = b, m = -0*q + 4*q + 3*b - 21. What is the units digit of q?
9
Suppose 3*j - 5*m = 41, 5*j + 0*j = 4*m + 77. Suppose -2*p - p - j = -5*x, -2*x - 3*p = 10. What is the units digit of (x + 0)*(3 - -8)?
1
Let g(y) be the third derivative of y**4/24 + 5*y**3/6 + y**2. Let t be g(-4). Suppose -2 - t = -x. What is the units digit of x?
3
Let x(q) = -7*q - 32. What is the tens digit of x(-13)?
5
Let t(c) = -97*c + 9. What is the hundreds digit of t(-2)?
2
Let x be 49/21 + (-2)/(-3). Suppose 31 = d - 2*u, -x*d + u = -u - 89. What is the units digit of d?
9
Suppose 0*r = 5*r - 35. What is the units digit of r?
7
Let y(l) = -15*l + 5. Let x be y(-16). Suppose 0 = 5*i + 10 - x. What is the units digit of i?
7
What is the tens digit of (-4)/22 + 3633/77?
4
Let f(j) = -j**3 + j**2 + j + 1. Let o be f(-1). Let a = -1 - o. What is the units digit of a*3/(0 + -3)?
3
Let w be 18/27*(-18)/(-4). Suppose s - w*s + 80 = 0. What is the units digit of s?
0
Let n = 3 - -2. Suppose 4*w = -o - 4, o - n*o = -3*w - 60. What is the tens digit of o?
1
What is the units digit of -64*(0 - (-28)/(-8))?
4
Suppose i + 0*m - 2*m - 2 = 0, 3*i = -4*m + 26. Suppose 0 = d - 5*c - 7, -i*c = -d - 2*c + 8. What is the units digit of d?
2
Let a = 15 - 8. Let d = a - -10. Suppose -5*m + d = 2. What is the units digit of m?
3
Let y = 6 - 7. Let o = -2 - y. What is the units digit of (o + -1)*(-6)/4?
3
Let b = -21 + 35. Let r = -8 + b. What is the units digit of r?
6
Let r(v) = -v**3 + 6*v**2 - 4*v + 5. What is the units digit of r(5)?
0
Suppose 2*g - 43 = g. Suppose 2*n = 3*u + g, -1 = u + 2. What is the tens digit of n?
1
Suppose 0*k - 30 = -2*k. What is the units digit of (k/(-6))/(3/(-6))?
5
Suppose 4*y = -20, 3*a + 2*y - 295 = 4*y. What is the tens digit of a?
9
Let r(a) = -a**2 - a. Let t be r(4). Let g = 8 - t. What is the tens digit of g?
2
Let o be ((-6)/(-2))/(3/(-14)). Suppose 61 = -4*r - 79. What is the units digit of 10/r - 74/o?
5
Suppose -5*k + i + 4 - 25 = 0, -16 = 5*k + 4*i. Let r = 14 - k. Suppose 0 = h - 4*j + 4 - r, 0 = 4*h - 2*j - 70. What is the units digit of h?
8
Suppose -3 = -2*y + 5. Suppose -4*v = -2*g - 8 - 10, 0 = -g + v - y. What is the units digit of g?
1
Let c = 55 + -29. What is the tens digit of c?
2
Let v be -22*(-3)/2 - -1. Let u(w) = w - 2. Let j be u(5). Suppose -44 = -4*y - 0*a - 2*a, -2*a + v = j*y. What is the tens digit of y?
1
Let o(z) = -4*z - 12. What is the tens digit of o(-8)?
2
Suppose 3*g = 2*k + 220, 90 + 56 = 2*g - 2*k. What is the tens digit of g?
7
Let r be 0/(0 + 2 + -1). Let t(q) = -q**2 + 4*q - 1. Let f be t(3). Suppose m - 8 = -f*i, r*i + i = 0. What is the units digit of m?
8
Suppose -12*h + 2496 = -0*h. What is the hundreds digit of h?
2
Let i(n) = n**3 - 8*n**2 + 7*n - 1. Let b be i(7). What is the units digit of -1 - (2 - -8)*b?
9
Suppose -3*x - 2*x = 0. Suppose 0 = -2*j + 3*v - 8, 2*j - 2*v + 4 = -x*v. What is the units digit of j?
2
Suppose 2*i = i + 10. What is the tens digit of i?
1
What is the units digit of ((-7)/14)/((-2)/228)?
7
Let g(n) = 31*n + 1 + 2 - 30*n. Suppose -m - 4*m = -30. What is the units digit of g(m)?
9
Let d = -25 - -162. What is the tens digit of d?
3
Let g = 53 - 18. What is the tens digit of g?
3
Suppose -3*l - 3*a - 3 + 39 = 0, -10 = -2*a. Suppose l*k - 3*k = 68. What is the tens digit of k?
1
Let k(l) = 12*l**2 - 4 - 2*l**2 + 8 + l**3. Suppose -4*u - u = 50. What is the units digit of k(u)?
4
Suppose -5*b = -21 - 609. What is the units digit of b?
6
Suppose 0 = 5*a + 3*q - 104, 0 = 5*a - 0*q - 3*q - 116. Suppose 0 = -b - 3*b + 5*n + 88, b - 3*n - a = 0. Suppose b = -0*f + 2*f. What is the tens digit of f?
1
Let z = -62 - -110. Let l = z - 9. What is the units digit of l?
9
Suppose -80 + 0 = -l. Suppose -t - 4*t + l = 0. What is the units digit of t?
6
Let v be (-3 - (-3 - -1)) + 3. Let h be 0/((-3)/2*v). Suppose h*q - 16 = -4*q - 4*n, 5*q - 24 = -4*n. What is the units digit of q?
8
Let r = 4 - 8. Let p = r - -4. Suppose c + 2*x - 82 = -3*c, 4*c + 5*x - 97 = p. What is the units digit of c?
8
Let n(m) = 3*m**2 - 1 + 0*m**2 + m + m**3 - m**2. Let s be n(-2). What is the units digit of (-1)/(s/30) - 2?
8
Let q(w) = 9*w - 3. Suppose -3*x = 4*m + m + 28, 0 = -3*x + 3*m - 12. Let c(l) = l**2 + 7*l + 8. Let o be c(x). What is the tens digit of q(o)?
1
Let g be 2 + (-1)/1 + 6. Let t = -95 + g. What is the units digit of t/(-12) - 1/3?
7
Let s(j) = 5*j**2 - j. Let o be s(1). Let a = o + 1. Suppose 2*u - 13 = -0*u + i, 5 = -2*u - a*i. What is the units digit of u?
5
Let z = 7 + 1. Let b = -6 + z. Suppose 0 = m + b*m - 21. What is the units digit of m?
7
Let x be 11 + -3 + 1/1. Suppose 3*m + 0*m - x = 0. Suppose -5*d + 4*d = -m. What is the units digit of d?
3
Let v = 0 - -4. Suppose -u = -5*k - 5, -4*u + 9*k = v*k - 20. Let j = u + -1. What is the units digit of j?
4
Let k(y) = 31*y - 35. What is the tens digit of k(4)?
8
Suppose -c + 6 = 2. Suppose 0 = 5*k + 3*t + 4, 4*k + 8 = -0*t - c*t. What is the units digit of k?
1
Let v = -7 - -11. Suppose 0 = 5*n + n - 78. Suppose v*a + n = p, -p + 15 = 5*a + 2. What is the tens digit of p?
1
Suppose -2*b - 9 = 21. Let f be (-1)/5 - 63/b. Suppose 3*t - 2*p - 11 = 0, 8*p - 4*p + 8 = f*t. What is the units digit of t?
7
Let j = -1 - -9. Suppose -12 = -q + j. What is the units digit of q?
0
Suppose -2 = 4*y - 2*n - 14, -4 = 2*n. Let i(l) be the third derivative of l**5/60 + l**4/8 - l**3/6 + l**2. What is the units digit of i(y)?
9
Let x(k) = 11*k - 7. Let s = 8 - 5. What is the tens digit of x(s)?
2
Let t be (-18)/(-8) + (-4)/16. Suppose t*c - 31 = 19. What is the units digit of c?
5
Let h = 16 - 3. Suppose -x - 11 = 3*x + 3*g, x - 6 = g. Let m = x + h. What is the units digit of m?
4
Suppose 2*j = 7*j + 385. Let r = -26 - j. What is the units digit of r?
1
Let s(c) = 5*c**2 - c. Suppose 0 = -o - 1, n - 5*n - 5 = -3*o. What is the units digit of s(n)?
2
Let u(q) = -q + 6. Let w be u(7). Let z(v) = v + 7. Let p be z(-5). What is the units digit of w + 17 + (-1 - p)?
3
Let h = 2 + -7. Let s(c) = c**3 + 5*c**2 - 3*c - 4. Let o be s(h). Let n = o + -5. What is the units digit of n?
6
Suppose -4*m = -3*g + 204, m + 136 = 2*g - m. What is the tens digit of g?
6
What is the units digit of (-33)/(-7) - 2/(-7)?
5
Let z(n) = n**2 + 14*n + 18. What is the units digit of z(-16)?
0
Suppose 0 = 4*f - 4*w + 260, -2*f - 259 = 2*f - 5*w. Let v be f/(-14) - 12/(-42). Suppose 0*j - v*j = -45. What is the units digit of j?
9
Suppose -9 - 3 = 3*t. Let h = t - -11. What is the units digit of h?
7
Let g = 3 - -12. What is the 